[INFO] cloning repository https://github.com/barometz/timexif
[INFO] running `Command { std: "git" "-c" "credential.helper=" "-c" "credential.helper=/workspace/cargo-home/bin/git-credential-null" "clone" "--bare" "https://github.com/barometz/timexif" "/workspace/cache/git-repos/https%3A%2F%2Fgithub.com%2Fbarometz%2Ftimexif", kill_on_drop: false }`
[INFO] [stderr] Cloning into bare repository '/workspace/cache/git-repos/https%3A%2F%2Fgithub.com%2Fbarometz%2Ftimexif'...
[INFO] running `Command { std: "git" "rev-parse" "HEAD", kill_on_drop: false }`
[INFO] [stdout] 002d97d21eb85cbba8933a7a80947db02bd9dad5
[INFO] checking barometz/timexif against master#9610dfe5a9a731ced1ea4923ecbd0c57fe367898 for beta-170-4
[INFO] running `Command { std: "git" "clone" "/workspace/cache/git-repos/https%3A%2F%2Fgithub.com%2Fbarometz%2Ftimexif" "/workspace/builds/worker-4-tc1/source", kill_on_drop: false }`
[INFO] [stderr] Cloning into '/workspace/builds/worker-4-tc1/source'...
[INFO] [stderr] done.
[INFO] validating manifest of git repo https://github.com/barometz/timexif on toolchain 9610dfe5a9a731ced1ea4923ecbd0c57fe367898
[INFO] running `Command { std: CARGO_HOME="/workspace/cargo-home" RUSTUP_HOME="/workspace/rustup-home" "/workspace/cargo-home/bin/cargo" "+9610dfe5a9a731ced1ea4923ecbd0c57fe367898" "metadata" "--manifest-path" "Cargo.toml" "--no-deps", kill_on_drop: false }`
[INFO] started tweaking git repo https://github.com/barometz/timexif
[INFO] finished tweaking git repo https://github.com/barometz/timexif
[INFO] tweaked toml for git repo https://github.com/barometz/timexif written to /workspace/builds/worker-4-tc1/source/Cargo.toml
[INFO] crate git repo https://github.com/barometz/timexif already has a lockfile, it will not be regenerated
[INFO] running `Command { std: CARGO_HOME="/workspace/cargo-home" RUSTUP_HOME="/workspace/rustup-home" "/workspace/cargo-home/bin/cargo" "+9610dfe5a9a731ced1ea4923ecbd0c57fe367898" "fetch" "--manifest-path" "Cargo.toml", kill_on_drop: false }`
[INFO] [stderr]     Blocking waiting for file lock on package cache
[INFO] [stderr]     Updating crates.io index
[INFO] [stderr]     Blocking waiting for file lock on package cache
[INFO] [stderr]  Downloading crates ...
[INFO] [stderr]   Downloaded walkdir v0.1.5
[INFO] [stderr]   Downloaded euclid v0.6.5
[INFO] [stderr]   Downloaded jpeg-decoder v0.1.3
[INFO] [stderr]   Downloaded num v0.1.31
[INFO] [stderr]   Downloaded libc v0.2.7
[INFO] [stderr]   Downloaded rexif v0.3.3
[INFO] [stderr]   Downloaded chrono v0.2.19
[INFO] running `Command { std: "docker" "create" "-v" "/var/lib/crater-agent-workspace/builds/worker-4-tc1/target:/opt/rustwide/target:rw,Z" "-v" "/var/lib/crater-agent-workspace/builds/worker-4-tc1/source:/opt/rustwide/workdir:ro,Z" "-v" "/var/lib/crater-agent-workspace/cargo-home:/opt/rustwide/cargo-home:ro,Z" "-v" "/var/lib/crater-agent-workspace/rustup-home:/opt/rustwide/rustup-home:ro,Z" "-e" "SOURCE_DIR=/opt/rustwide/workdir" "-e" "CARGO_TARGET_DIR=/opt/rustwide/target" "-e" "CARGO_HOME=/opt/rustwide/cargo-home" "-e" "RUSTUP_HOME=/opt/rustwide/rustup-home" "-w" "/opt/rustwide/workdir" "-m" "1610612736" "--user" "0:0" "--network" "none" "ghcr.io/rust-lang/crates-build-env/linux@sha256:19e73879b68f455e41552ea35293514db52ea292d993f571636dbffedb77a1ee" "/opt/rustwide/cargo-home/bin/cargo" "+9610dfe5a9a731ced1ea4923ecbd0c57fe367898" "metadata" "--no-deps" "--format-version=1", kill_on_drop: false }`
[INFO] [stdout] ca2632c12a360566c9a7a8067b0e692e1bdd0381ed98ce457d9357d88dd4c031
[INFO] running `Command { std: "docker" "start" "-a" "ca2632c12a360566c9a7a8067b0e692e1bdd0381ed98ce457d9357d88dd4c031", kill_on_drop: false }`
[INFO] running `Command { std: "docker" "inspect" "ca2632c12a360566c9a7a8067b0e692e1bdd0381ed98ce457d9357d88dd4c031", kill_on_drop: false }`
[INFO] running `Command { std: "docker" "rm" "-f" "ca2632c12a360566c9a7a8067b0e692e1bdd0381ed98ce457d9357d88dd4c031", kill_on_drop: false }`
[INFO] [stdout] ca2632c12a360566c9a7a8067b0e692e1bdd0381ed98ce457d9357d88dd4c031
[INFO] running `Command { std: "docker" "create" "-v" "/var/lib/crater-agent-workspace/builds/worker-4-tc1/target:/opt/rustwide/target:rw,Z" "-v" "/var/lib/crater-agent-workspace/builds/worker-4-tc1/source:/opt/rustwide/workdir:ro,Z" "-v" "/var/lib/crater-agent-workspace/cargo-home:/opt/rustwide/cargo-home:ro,Z" "-v" "/var/lib/crater-agent-workspace/rustup-home:/opt/rustwide/rustup-home:ro,Z" "-e" "SOURCE_DIR=/opt/rustwide/workdir" "-e" "CARGO_TARGET_DIR=/opt/rustwide/target" "-e" "CARGO_INCREMENTAL=0" "-e" "RUST_BACKTRACE=full" "-e" "RUSTFLAGS=--cap-lints=forbid" "-e" "RUSTDOCFLAGS=--cap-lints=forbid" "-e" "CARGO_HOME=/opt/rustwide/cargo-home" "-e" "RUSTUP_HOME=/opt/rustwide/rustup-home" "-w" "/opt/rustwide/workdir" "-m" "1610612736" "--user" "0:0" "--network" "none" "ghcr.io/rust-lang/crates-build-env/linux@sha256:19e73879b68f455e41552ea35293514db52ea292d993f571636dbffedb77a1ee" "/opt/rustwide/cargo-home/bin/cargo" "+9610dfe5a9a731ced1ea4923ecbd0c57fe367898" "check" "--frozen" "--all" "--all-targets" "--message-format=json", kill_on_drop: false }`
[INFO] [stdout] 585ef61f37dbdbceb8fb00e3d1a11d7f617b6c50547b174c38ed5c5f35842890
[INFO] running `Command { std: "docker" "start" "-a" "585ef61f37dbdbceb8fb00e3d1a11d7f617b6c50547b174c38ed5c5f35842890", kill_on_drop: false }`
[INFO] [stderr]     Checking libc v0.2.7
[INFO] [stderr]    Compiling winapi-build v0.1.1
[INFO] [stderr]     Checking winapi v0.2.5
[INFO] [stderr]     Checking num v0.1.31
[INFO] [stderr]     Checking log v0.3.6
[INFO] [stderr]     Checking rustc-serialize v0.3.19
[INFO] [stderr]     Checking byteorder v0.5.1
[INFO] [stderr]     Checking rexif v0.3.3
[INFO] [stderr]    Compiling kernel32-sys v0.2.1
[INFO] [stdout] error[E0642]: patterns aren't allowed in functions without bodies
[INFO] [stdout]    --> /opt/rustwide/cargo-home/registry/src/index.crates.io-6f17d22bba15001f/rustc-serialize-0.3.19/src/serialize.rs:147:45
[INFO] [stdout]     |
[INFO] [stdout] 147 | ...                   &f_name: &str,
[INFO] [stdout]     |                       ^^^^^^^ pattern not allowed in function without body
[INFO] [stdout] 
[INFO] [stdout] 
[INFO] [stderr]     Checking rand v0.3.14
[INFO] [stderr]     Checking num_cpus v0.2.11
[INFO] [stderr]     Checking time v0.1.34
[INFO] [stderr]     Checking walkdir v0.1.5
[INFO] [stderr]     Checking deque v0.3.1
[INFO] [stderr]     Checking chrono v0.2.19
[INFO] [stderr]     Checking rayon v0.3.1
[INFO] [stdout] error[E0277]: the size for values of type `Self` cannot be known at compilation time
[INFO] [stdout]   --> /opt/rustwide/cargo-home/registry/src/index.crates.io-6f17d22bba15001f/rayon-0.3.1/src/par_iter/internal.rs:25:40
[INFO] [stdout]    |
[INFO] [stdout] 25 |     fn split_at(self, index: usize) -> (Self, Self);
[INFO] [stdout]    |                                        ^^^^^^^^^^^^ doesn't have a size known at compile-time
[INFO] [stdout]    |
[INFO] [stdout]    = note: only the last element of a tuple may have a dynamically sized type
[INFO] [stdout] help: consider further restricting `Self`
[INFO] [stdout]    |
[INFO] [stdout] 25 |     fn split_at(self, index: usize) -> (Self, Self) where Self: Sized;
[INFO] [stdout]    |                                                     +++++++++++++++++
[INFO] [stdout] 
[INFO] [stdout] 
[INFO] [stdout] error[E0277]: the size for values of type `Self` cannot be known at compilation time
[INFO] [stdout]   --> /opt/rustwide/cargo-home/registry/src/index.crates.io-6f17d22bba15001f/rayon-0.3.1/src/par_iter/internal.rs:42:40
[INFO] [stdout]    |
[INFO] [stdout] 42 |     fn split_at(self, index: usize) -> (Self, Self, Self::Reducer);
[INFO] [stdout]    |                                        ^^^^^^^^^^^^^^^^^^^^^^^^^^^ doesn't have a size known at compile-time
[INFO] [stdout]    |
[INFO] [stdout]    = note: only the last element of a tuple may have a dynamically sized type
[INFO] [stdout] help: consider further restricting `Self`
[INFO] [stdout]    |
[INFO] [stdout] 42 |     fn split_at(self, index: usize) -> (Self, Self, Self::Reducer) where Self: Sized;
[INFO] [stdout]    |                                                                    +++++++++++++++++
[INFO] [stdout] 
[INFO] [stdout] 
[INFO] [stdout] error: aborting due to 2 previous errors
[INFO] [stdout] 
[INFO] [stdout] 
[INFO] [stdout] For more information about this error, try `rustc --explain E0277`.
[INFO] [stdout] 
[INFO] [stderr] error: could not compile `rayon` (lib) due to 3 previous errors
[INFO] [stderr] warning: build failed, waiting for other jobs to finish...
[INFO] [stdout] error: aborting due to previous error
[INFO] [stdout] 
[INFO] [stdout] 
[INFO] [stdout] For more information about this error, try `rustc --explain E0642`.
[INFO] [stdout] 
[INFO] [stderr] error: could not compile `rustc-serialize` (lib) due to 2 previous errors; 1 warning emitted
[INFO] [stdout] error: to use a constant of type `format::ParseError` in a pattern, `format::ParseError` must be annotated with `#[derive(PartialEq, Eq)]`
[INFO] [stdout]    --> /opt/rustwide/cargo-home/registry/src/index.crates.io-6f17d22bba15001f/chrono-0.2.19/src/format/parsed.rs:476:22
[INFO] [stdout]     |
[INFO] [stdout] 476 |                 (Err(OUT_OF_RANGE), _) | (_, Err(OUT_OF_RANGE)) => return Err(OUT_OF_RANGE),
[INFO] [stdout]     |                      ^^^^^^^^^^^^
[INFO] [stdout]     |
[INFO] [stdout]     = note: the traits must be derived, manual `impl`s are not sufficient
[INFO] [stdout]     = note: see https://doc.rust-lang.org/stable/std/marker/trait.StructuralEq.html for details
[INFO] [stdout] 
[INFO] [stdout] 
[INFO] [stdout] error: to use a constant of type `format::ParseError` in a pattern, `format::ParseError` must be annotated with `#[derive(PartialEq, Eq)]`
[INFO] [stdout]    --> /opt/rustwide/cargo-home/registry/src/index.crates.io-6f17d22bba15001f/chrono-0.2.19/src/format/parsed.rs:476:50
[INFO] [stdout]     |
[INFO] [stdout] 476 |                 (Err(OUT_OF_RANGE), _) | (_, Err(OUT_OF_RANGE)) => return Err(OUT_OF_RANGE),
[INFO] [stdout]     |                                                  ^^^^^^^^^^^^
[INFO] [stdout]     |
[INFO] [stdout]     = note: the traits must be derived, manual `impl`s are not sufficient
[INFO] [stdout]     = note: see https://doc.rust-lang.org/stable/std/marker/trait.StructuralEq.html for details
[INFO] [stdout] 
[INFO] [stdout] 
[INFO] [stdout] error: to use a constant of type `format::ParseError` in a pattern, `format::ParseError` must be annotated with `#[derive(PartialEq, Eq)]`
[INFO] [stdout]    --> /opt/rustwide/cargo-home/registry/src/index.crates.io-6f17d22bba15001f/chrono-0.2.19/src/format/parsed.rs:477:22
[INFO] [stdout]     |
[INFO] [stdout] 477 |                 (Err(IMPOSSIBLE), _) | (_, Err(IMPOSSIBLE)) => return Err(IMPOSSIBLE),
[INFO] [stdout]     |                      ^^^^^^^^^^
[INFO] [stdout]     |
[INFO] [stdout]     = note: the traits must be derived, manual `impl`s are not sufficient
[INFO] [stdout]     = note: see https://doc.rust-lang.org/stable/std/marker/trait.StructuralEq.html for details
[INFO] [stdout] 
[INFO] [stdout] 
[INFO] [stdout] error: to use a constant of type `format::ParseError` in a pattern, `format::ParseError` must be annotated with `#[derive(PartialEq, Eq)]`
[INFO] [stdout]    --> /opt/rustwide/cargo-home/registry/src/index.crates.io-6f17d22bba15001f/chrono-0.2.19/src/format/parsed.rs:477:48
[INFO] [stdout]     |
[INFO] [stdout] 477 |                 (Err(IMPOSSIBLE), _) | (_, Err(IMPOSSIBLE)) => return Err(IMPOSSIBLE),
[INFO] [stdout]     |                                                ^^^^^^^^^^
[INFO] [stdout]     |
[INFO] [stdout]     = note: the traits must be derived, manual `impl`s are not sufficient
[INFO] [stdout]     = note: see https://doc.rust-lang.org/stable/std/marker/trait.StructuralEq.html for details
[INFO] [stdout] 
[INFO] [stdout] 
[INFO] [stdout] error: aborting due to 4 previous errors
[INFO] [stdout] 
[INFO] [stdout] 
[INFO] [stderr] error: could not compile `chrono` (lib) due to 5 previous errors
[INFO] running `Command { std: "docker" "inspect" "585ef61f37dbdbceb8fb00e3d1a11d7f617b6c50547b174c38ed5c5f35842890", kill_on_drop: false }`
[INFO] running `Command { std: "docker" "rm" "-f" "585ef61f37dbdbceb8fb00e3d1a11d7f617b6c50547b174c38ed5c5f35842890", kill_on_drop: false }`
[INFO] [stdout] 585ef61f37dbdbceb8fb00e3d1a11d7f617b6c50547b174c38ed5c5f35842890
